 26*r + 1. Calculate the highest common divisor of y and 12.
6
Let j(k) = -3*k**2 + 2*k - 1. Let r(p) = 4*p**2 - 3*p + 2. Let a(d) = 6*j(d) + 5*r(d). Let x be a(2). Calculate the greatest common factor of x and 4.
2
Let z = -222 + 439. What is the greatest common factor of z and 93?
31
Suppose 5*b - 757 = 433. What is the highest common divisor of b and 28?
14
Suppose 10*o = -9*o + 513. Calculate the highest common divisor of 108 and o.
27
Let w(o) = o**3 - 17*o**2 + 60*o + 9. Let i be w(12). What is the highest common divisor of 27 and i?
9
Let r be 117/156*484/3. Calculate the highest common factor of 11 and r.
11
Suppose -s - 2*o + 4*o = 5, -o + 27 = -4*s. Let w = 11 + s. Let y = w + 0. What is the highest common divisor of 4 and y?
4
Let z be (0 - -2 - 1) + 23. Let y(q) = -q**2 - 16*q + 7. Let r be y(-16). Suppose -r*s + 38 = -130. Calculate the greatest common factor of s and z.
24
Let z(s) = s**3 + 23*s**2 - 20*s - 476. Let p be z(-18). Calculate the greatest common divisor of 47 and p.
47
Let k be 23 - (-1 + -6)*-1. Calculate the greatest common divisor of k and 24.
8
Let a(i) = -i + 7*i**2 + 6*i**3 - 5*i**3 + 0*i + 4. Let b be a(-7). Suppose 5*u = -4*m + 2*m + 9, 3*m = -u + 7. What is the highest common divisor of u and b?
1
Let l = 18 + 10. Let i(n) be the second derivative of 11*n**3/6 - 5*n**2 + 15*n. Let f be i(6). Calculate the greatest common factor of l and f.
28
Let w(y) be the first derivative of 104*y**3/3 + y - 1. Let g = 729 + -728. Let f be w(g). What is the greatest common factor of 21 and f?
21
Let n be -3 + 3 + 4 - (1 + -348). Calculate the highest common factor of n and 27.
27
Let a be 17920/230 + 4/46. Calculate the highest common divisor of a and 234.
78
Suppose -g - g = 16. Let l = g - -10. Let z be (-804)/(-156) + l/(-13). What is the greatest common divisor of 15 and z?
5
Let a(y) = y**2 - 5*y + 9. Let z be a(6). Let p be (-19 - (-117)/9)*(2 + -22). What is the greatest common divisor of p and z?
15
Suppose -4*c + 6 = 5*l - 4, 5*l + 5*c - 10 = 0. Calculate the greatest common factor of l and 50.
2
Let l be 169/65 + (-3)/5. Suppose 1 = l*h - 3. Suppose -3*k + h*k = -56. What is the greatest common divisor of k and 14?
14
Let x(z) = z**3 + 9*z**2 + 5. Let i be x(-9). Let b = 26 - 3. Suppose -i*r = -b - 27. What is the highest common factor of 90 and r?
10
Let f be (-28)/20 - (-3)/(-5). Let t be 3/((-3)/f) + 0 + 22. Calculate the greatest common factor of t and 3.
3
Suppose -19630 = -36*z - 1486. Calculate the greatest common factor of 56 and z.
56
Let u be (-84)/18*(-12)/14. Let o = 22 - u. Calculate the highest common divisor of 198 and o.
18
Suppose -41 - 13 = -9*k. Let g(p) = -2*p - p**3 - 3*p + 6*p**2 + 3 + 2*p**2. Let d be g(k). Calculate the highest common divisor of d and 9.
9
Suppose 4*k + 9*k = 1001. Let d = -13 + 24. What is the greatest common divisor of d and k?
11
Let o(s) = -s**3 - 4*s**2 - 13*s - 12. Let i be o(-5). Suppose 74*b + 92 = i*b. Calculate the highest common factor of b and 253.
23
Suppose 3*w = w + 32. Let b = w - 7. Calculate the greatest common divisor of b and 9.
9
Suppose -5*m = 0, -3*m + 240 = 4*o - 7*m. Suppose j - o = -2*j. Suppose 0 = 3*z, 0*z - 60 = -3*s + z. What is the greatest common divisor of s and j?
20
Suppose 0 = 9*x - 29 - 79. What is the greatest common factor of x and 264?
12
Let b be 8/10*55/11. Let p(w) = 3*w**2 - w + 8. Let u be p(b). Calculate the greatest common divisor of u and 4.
4
Let c(l) = -5 + 22 - 12*l + 0*l**2 - 2*l**2 + 0*l**2. Let m be c(-6). What is the highest common divisor of 119 and m?
17
Suppose 0*r - r + 30 = 0. Let q = r + 12. Calculate the highest common divisor of 28 and q.
14
Suppose -8*o - 40 = -3*o. Let d = 11 + o. Suppose f - 3 = -2*f, -d*f = -4*a + 29. Calculate the greatest common factor of 56 and a.
8
Let q(l) = -3*l**2 + 2*l + 18. Let z be q(0). Calculate the highest common factor of 342 and z.
18
Let s be 3 - (2 - 2)*-1. Suppose 8*y - 324 = -132. Calculate the greatest common factor of s and y.
3
Let m = -90 + 150. Calculate the greatest common factor of 220 and m.
20
Suppose -5*o - 3*o = 72. Let k(l) = l**3 + 9*l**2 - 5*l + 18. Let q be k(o). What is the greatest common divisor of q and 18?
9
Suppose 4*l + 3*i + 16 = 0, -4*i - i = -4*l + 16. Let b be 2 - (-11 + -2 - l). Let f = 104 - 48. Calculate the highest common factor of b and f.
14
Suppose 0 = d + 3*p + p - 60, 4*d = -p + 165. Let n = 1283 - 1267. Calculate the greatest common divisor of d and n.
8
Let q = 4 + -12. Let y = q - -12. Suppose -y*z + 84 = 28. What is the greatest common divisor of z and 35?
7
Suppose -4*l + 4*n + 1072 = 0, -3*n = n - 20. Calculate the highest common factor of l and 78.
39
Suppose 5*v = 3*k + 10, -2*v + 3*k + 0*k + 13 = 0. Let c(z) = 7*z**2 - 4*z - 5. Let q be c(v). Calculate the highest common factor of 3 and q.
3
Let p(y) = y**2 + 9*y - 16. Let o be p(-11). Suppose 9*j + 12 = o*j. Let l(v) = -5*v - 15. Let q be l(j). What is the greatest common divisor of 35 and q?
5
Let w(m) = -6*m. Let q be w(-30). Suppose -5*p = -r - 188, -r + 29 = -4*p + q. What is the greatest common divisor of p and 74?
37
Let v = -448 - -619. What is the highest common factor of 19 and v?
19
Let h(y) = -2*y - 14. Let w be h(-9). Let i be (-6)/8 - (-81)/12. Let v be (6*i)/(-3)*-1. What is the greatest common factor of w and v?
4
Let h = -250 - -256. Suppose k - 4*k = 5*z - 93, -k = -3*z + 53. Calculate the greatest common factor of h and z.
6
Let j(h) = 4*h - 4. Let d(m) = 5*m - 3. Let w(y) = -4*d(y) + 3*j(y). Let o be w(-7). Calculate the greatest common factor of o and 14.
14
Let t = 6 + -19. Let d(j) = -j**2 - 12*j + 7. Let u be d(t). Let s(b) = -5*b - 20. Let f be s(u). What is the greatest common divisor of f and 50?
10
Let v(f) = f + 18. Let q be v(7). Let w(c) = -2*c + 68. Let t be w(q). What is the highest common divisor of t and 216?
18
Let m = -149 - -157. Suppose 4*c = 5 + 11. Calculate the greatest common divisor of m and c.
4
Let r be ((-896)/(-6))/(9/(-135)*-5). What is the greatest common divisor of 128 and r?
64
Suppose 0 = -2*t - 3*o - 1, -5*t + 2*t - 5*o - 3 = 0. Suppose 6*u - 7*u + 2 = -t*h, 5*u = 5*h + 70. Calculate the greatest common divisor of 12 and u.
6
Let x be 3*(-1)/3*2. Let r be -1 - (8 + -9 - 4). Let w = r + x. What is the highest common divisor of 22 and w?
2
Let x = -199 + 242. Calculate the greatest common divisor of x and 129.
43
Suppose -4*u + 3122 = -906. What is the highest common divisor of 19 and u?
19
Suppose i - 76 = t - 44, -2*t = 0. What is the highest common factor of 928 and i?
32
Let g be ((-4)/((-8)/159))/((-9)/(-60)). Calculate the highest common divisor of g and 10.
10
Let d(r) = -6*r - 30. Let m be d(-12). Let k be (-1)/2 - (-483)/m. What is the greatest common divisor of k and 55?
11
Let m be 3/(-7) - 15825/(-175). Let t be (-4 - -3)/(2/(-36)). What is the greatest common divisor of m and t?
18
Suppose -48 = -2005*r + 1999*r. Calculate the greatest common divisor of 856 and r.
8
Let b = -78 + 47. Let p = -25 - b. Calculate the greatest common divisor of 6 and p.
6
Let k(z) = 25*z + 52. Let y be k(-2). What is the highest common divisor of 1 and y?
1
Let x(u) = u**2 - 2*u + 42. Let j be x(0). Suppose 2*w + w + j = 0. Let z be (-20)/30*(-1 + w). Calculate the greatest common factor of 10 and z.
10
Let w(y) = -y**3 + 5*y**2 + 2*y + 1. Let j be w(3). Let q = j + 5. Calculate the highest common factor of q and 12.
6
Suppose 120*m - 4*t - 124 = 116*m, -3*m = t - 73. Calculate the highest common divisor of m and 10.
2
Let v = -51 + 33. Let z = v - -31. Let d = -53 + 105. Calculate the highest common divisor of z and d.
13
Let c be (-11)/121 + (-4184)/(-44). What is the greatest common factor of c and 76?
19
Let h(x) = -4*x**3 + x**2 - 5*x - 3. Let o be h(-3). Let c = o + -30. Calculate the greatest common divisor of 9 and c.
9
Suppose -g + 20 = g. Let y be (2 + (-26)/g)*-5. Suppose -y*s = -31 - 5. What is the greatest common factor of s and 6?
6
Let p(r) = 2*r**3 - 2*r**2 - 2. Let n be p(2). Let j(g) = 3*g**3 - 3*g**2 - 3*g + 9. Let a be j(3). Calculate the greatest common divisor of a and n.
6
Let k be (405 - 6)/((-2)/(-4)*3). Calculate the greatest common divisor of 14 and k.
14
Suppose -5*q + 2 + 10 = 2*m, 5*m = 2*q + 30. Sup